 the thousands digit of 41533?
1
What is the hundreds digit of 715?
7
What is the thousands digit of 9748?
9
What is the units digit of 25610?
0
What is the thousands digit of 18595?
8
What is the ten thousands digit of 18196?
1
What is the units digit of 1152?
2
What is the thousands digit of 3465?
3
What is the tens digit of 7235?
3
What is the thousands digit of 37114?
7
What is the hundreds digit of 13873?
8
What is the hundreds digit of 345?
3
What is the hundreds digit of 2518?
5
What is the hundreds digit of 27310?
3
What is the units digit of 111?
1
What is the units digit of 1016?
6
What is the tens digit of 2601?
0
What is the hundreds digit of 39189?
1
What is the tens digit of 503?
0
What is the units digit of 1797?
7
What is the ten thousands digit of 39967?
3
What is the thousands digit of 25252?
5
What is the thousands digit of 30332?
0
What is the hundreds digit of 604?
6
What is the ten thousands digit of 55664?
5
What is the tens digit of 2899?
9
What is the hundreds digit of 996?
9
What is the tens digit of 4492?
9
What is the hundreds digit of 9542?
5
What is the tens digit of 2558?
5
What is the tens digit of 120514?
1
What is the hundreds digit of 27851?
8
What is the thousands digit of 3865?
3
What is the units digit of 8306?
6
What is the hundreds digit of 903?
9
What is the hundreds digit of 2037?
0
What is the hundreds digit of 11594?
5
What is the hundreds digit of 18249?
2
What is the hundreds digit of 25545?
5
What is the tens digit of 1676?
7
What is the tens digit of 9552?
5
What is the units digit of 12407?
7
What is the units digit of 14016?
6
What is the hundreds digit of 35832?
8
What is the units digit of 4819?
9
What is the hundreds digit of 954?
9
What is the hundreds digit of 5003?
0
What is the thousands digit of 1366?
1
What is the hundreds digit of 52125?
1
What is the tens digit of 42625?
2
What is the units digit of 1162?
2
What is the units digit of 6598?
8
What is the units digit of 91?
1
What is the tens digit of 311?
1
What is the hundreds digit of 220?
2
What is the thousands digit of 2360?
2
What is the thousands digit of 26548?
6
What is the thousands digit of 1305?
1
What is the tens digit of 7262?
6
What is the hundreds digit of 4731?
7
What is the tens digit of 24877?
7
What is the units digit of 3749?
9
What is the tens digit of 1301?
0
What is the tens digit of 50?
5
What is the tens digit of 3607?
0
What is the units digit of 539?
9
What is the thousands digit of 40562?
0
What is the ten thousands digit of 76801?
7
What is the tens digit of 31903?
0
What is the units digit of 40910?
0
What is the hundreds digit of 1541?
5
What is the ten thousands digit of 25667?
2
What is the thousands digit of 15910?
5
What is the units digit of 13057?
7
What is the thousands digit of 3949?
3
What is the tens digit of 18663?
6
What is the hundreds digit of 386?
3
What is the units digit of 3448?
8
What is the tens digit of 70558?
5
What is the thousands digit of 65087?
5
What is the tens digit of 1967?
6
What is the units digit of 22044?
4
What is the tens digit of 29350?
5
What is the hundreds digit of 10393?
3
What is the hundreds digit of 1703?
7
What is the ten thousands digit of 172429?
7
What is the hundreds digit of 4363?
3
What is the hundreds digit of 1689?
6
What is the units digit of 947?
7
What is the thousands digit of 172637?
2
What is the tens digit of 788?
8
What is the thousands digit of 28194?
8
What is the tens digit of 5001?
0
What is the units digit of 19773?
3
What is the units digit of 2644?
4
What is the tens digit of 2373?
7
What is the thousands digit of 1189?
1
What is the hundreds digit of 794?
7
What is the thousands digit of 96096?
6
What is the tens digit of 56?
5
What is the tens digit of 588?
8
What is the units digit of 8951?
1
What is the ten thousands digit of 10347?
1
What is the hundreds digit of 11255?
2
What is the hundreds digit of 1311?
3
What is the hundreds digit of 21086?
0
What is the tens digit of 197?
9
What is the thousands digit of 17479?
7
What is the hundreds digit of 20575?
5
What is the tens digit of 63070?
7
What is the hundreds digit of 90880?
8
What is the tens digit of 1153?
5
What is the hundreds digit of 26983?
9
What is the tens digit of 22101?
0
What is the thousands digit of 40656?
0
What is the thousands digit of 12750?
2
What is the tens digit of 2171?
7
What is the thousands digit of 43188?
3
What is the thousands digit of 110424?
0
What is the units digit of 44092?
2
What is the units digit of 43569?
9
What is the thousands digit of 37866?
7
What is the thousands digit of 1191?
1
What is the ten thousands digit of 169423?
6
What is the thousands digit of 3430?
3
What is the ten thousands digit of 33698?
3
What is the thousands digit of 2325?
2
What is the hundreds digit of 255?
2
What is the ten thousands digit of 12985?
1
What is the hundreds digit of 24956?
9
What is the ten thousands digit of 40088?
4
What is the hundreds digit of 17914?
9
What is the thousands digit of 166602?
6
What is the units digit of 16024?
4
What is the units digit of 3190?
0
What is the thousands digit of 19485?
9
What is the thousands digit of 1293?
1
What is the ten thousands digit of 36112?
3
What is the hundreds digit of 39769?
7
What is the ten thousands digit of 39036?
3
What is the thousands digit of 21391?
1
What is the ten thousands digit of 13910?
1
What is the hundreds digit of 11905?
9
What is the thousands digit of 7434?
7
What is the hundreds digit of 526?
5
What is the thousands digit of 78586?
8
What is the units digit of 148?
8
What is the tens digit of 32282?
8
What is the units digit of 1340?
0
What is the tens digit of 1054?
5
What is the units digit of 3163?
3
What is the hundreds digit of 54044?
0
What is the tens digit of 28411?
1
What is the units digit of 731?
1
What is the units digit of 22657?
7
What is the hundred thousands digit of 173430?
1
What is the units digit of 1926?
6
What is the hundreds digit of 7599?
5
What is the thousands digit of 24884?
4
What is the tens digit of 1452?
5
What is the tens digit of 7998?
9
What is the hundreds digit of 13838?
8
What is the ten thousands digit of 18531?
1
What is the hundreds digit of 287?
2
What is the thousands digit of 25893?
5
What is the thousands digit of 24871?
4
What is the tens digit of 240?
4
What is the thousands digit of 1187?
1
What is the units digit of 3000?
0
What is the units digit of 2897?
7
What is the hundreds digit of 1008?
0
What is the hundreds digit of 40540?
5
What is the hundreds digit of 1984?
9
What is the hundred thousands digit of 132933?
1
What is the thousands digit of 3962?
3
What is the tens digit of 12656?
5
What is the units digit of 14663?
3
What is the thousands digit of 7494?
7
What is the tens digit of 8047?
4
What is the ten thousands digit of 29727?
2
What is the units digit of 98405?
5
What is the ten thousands digit of 17625?
1
What is the tens digit of 3973?
7
What is the ten thousands digit of 58228?
5
What is the thousands digit of 1583?
1
What is the hundreds digit of 114?
1
What is the tens digit of 16738?
3
What is the hundreds digit of 766?
7
What is the tens digit of 195568?
6
What is the tens digit of 27238?
3
What is the tens digit of 88222?
2
What is the hundreds digit of 2679?
6
What is the units digit of 3988?
8
What is the units digit of 432?
2
What is the units digit of 11709?
9
What is the hundreds digit of 61243?
2
What is the hundreds digit of 5274?
2
What is the hundreds digit of 691?
6
What is the hundreds digit of 903?
9
What is the units digit of 2629?
9
What is the tens digit of 751?
5
What is the hundreds digit of 7661?
6
What is the hundreds digit of 7637?
6
What is the hundreds digit of 27598?
5
What is the tens digit of 18702?
0
What is the hundreds digit of 4739?
7
What is the thousands digit of 2613?
2
What is the tens digit of 1201?
0
What is the ten thousands digit of 93315?
9
What is the units digit of 20023?
3
What is the hundreds digit of 2478?
4
What is the hundreds digit of 16041?
0
What is the units digit of 8178?
8
What is the tens digit of 1059?
5
What is the ten thousands digit of 73467?
7
What is the hundreds digit of 108926?
9
What is the thousands digit of 23294?
3
What is the thousands digit of